{"id":448,"date":"2022-02-04T11:51:15","date_gmt":"2022-02-04T10:51:15","guid":{"rendered":"https:\/\/www.sciencespeau.com\/?page_id=448"},"modified":"2025-03-23T06:36:45","modified_gmt":"2025-03-23T05:36:45","slug":"biographie","status":"publish","type":"page","link":"https:\/\/www.sciencespeau.com\/index.php\/acceuil\/biographie\/","title":{"rendered":"Biographie"},"content":{"rendered":"\t\t<div data-elementor-type=\"wp-page\" data-elementor-id=\"448\" class=\"elementor elementor-448\" data-elementor-settings=\"{&quot;ha_cmc_init_switcher&quot;:&quot;no&quot;}\">\n\t\t\t\t\t\t<section class=\"elementor-section elementor-top-section elementor-element elementor-element-088c310 elementor-section-boxed elementor-section-height-default elementor-section-height-default\" data-id=\"088c310\" data-element_type=\"section\" data-settings=\"{&quot;_ha_eqh_enable&quot;:false}\">\n\t\t\t\t\t\t<div class=\"elementor-container elementor-column-gap-default\">\n\t\t\t\t\t<div class=\"elementor-column elementor-col-100 elementor-top-column elementor-element elementor-element-cea4564\" data-id=\"cea4564\" data-element_type=\"column\">\n\t\t\t<div class=\"elementor-widget-wrap elementor-element-populated\">\n\t\t\t\t\t\t<div class=\"elementor-element elementor-element-85e7084 elementor-widget elementor-widget-spacer\" data-id=\"85e7084\" data-element_type=\"widget\" data-widget_type=\"spacer.default\">\n\t\t\t\t<div class=\"elementor-widget-container\">\n\t\t\t\t\t\t\t<div class=\"elementor-spacer\">\n\t\t\t<div class=\"elementor-spacer-inner\"><\/div>\n\t\t<\/div>\n\t\t\t\t\t\t<\/div>\n\t\t\t\t<\/div>\n\t\t\t\t<div class=\"elementor-element elementor-element-ef9472f elementor-widget elementor-widget-heading\" data-id=\"ef9472f\" data-element_type=\"widget\" data-widget_type=\"heading.default\">\n\t\t\t\t<div class=\"elementor-widget-container\">\n\t\t\t\t\t<h2 class=\"elementor-heading-title elementor-size-default\">BIOGRAPHIE<\/h2>\t\t\t\t<\/div>\n\t\t\t\t<\/div>\n\t\t\t\t<div class=\"elementor-element elementor-element-5060d16 elementor-widget elementor-widget-spacer\" data-id=\"5060d16\" data-element_type=\"widget\" data-widget_type=\"spacer.default\">\n\t\t\t\t<div class=\"elementor-widget-container\">\n\t\t\t\t\t\t\t<div class=\"elementor-spacer\">\n\t\t\t<div class=\"elementor-spacer-inner\"><\/div>\n\t\t<\/div>\n\t\t\t\t\t\t<\/div>\n\t\t\t\t<\/div>\n\t\t\t\t<section class=\"elementor-section elementor-inner-section elementor-element elementor-element-006cf94 elementor-section-boxed elementor-section-height-default elementor-section-height-default\" data-id=\"006cf94\" data-element_type=\"section\" data-settings=\"{&quot;_ha_eqh_enable&quot;:false}\">\n\t\t\t\t\t\t<div class=\"elementor-container elementor-column-gap-default\">\n\t\t\t\t\t<div class=\"elementor-column elementor-col-50 elementor-inner-column elementor-element elementor-element-df422c9\" data-id=\"df422c9\" data-element_type=\"column\">\n\t\t\t<div class=\"elementor-widget-wrap elementor-element-populated\">\n\t\t\t\t\t\t<div class=\"elementor-element elementor-element-13c935e elementor-widget elementor-widget-image\" data-id=\"13c935e\" data-element_type=\"widget\" data-widget_type=\"image.default\">\n\t\t\t\t<div class=\"elementor-widget-container\">\n\t\t\t\t\t\t\t\t\t\t\t\t\t\t\t<img decoding=\"async\" width=\"200\" height=\"200\" src=\"https:\/\/www.sciencespeau.com\/wp-content\/uploads\/2022\/02\/dr-moureaux-profil.png\" class=\"attachment-large size-large wp-image-450\" alt=\"\" srcset=\"https:\/\/www.sciencespeau.com\/wp-content\/uploads\/2022\/02\/dr-moureaux-profil.png 200w, https:\/\/www.sciencespeau.com\/wp-content\/uploads\/2022\/02\/dr-moureaux-profil-150x150.png 150w\" sizes=\"(max-width: 200px) 100vw, 200px\" style=\"width:100%;height:100%;max-width:200px\" \/>\t\t\t\t\t\t\t\t\t\t\t\t\t\t\t<\/div>\n\t\t\t\t<\/div>\n\t\t\t\t\t<\/div>\n\t\t<\/div>\n\t\t\t\t<div class=\"elementor-column elementor-col-50 elementor-inner-column elementor-element elementor-element-8f96e42\" data-id=\"8f96e42\" data-element_type=\"column\">\n\t\t\t<div class=\"elementor-widget-wrap elementor-element-populated\">\n\t\t\t\t\t\t<div class=\"elementor-element elementor-element-dc0c823 elementor-widget__width-initial elementor-widget elementor-widget-text-editor\" data-id=\"dc0c823\" data-element_type=\"widget\" data-widget_type=\"text-editor.default\">\n\t\t\t\t<div class=\"elementor-widget-container\">\n\t\t\t\t\t\t\t\t\t<p>\u00abLa peau, est ce qu\u2019il y a de plus profond chez l\u2019Homme\u00bb<\/p><p>Paul Val\u00e9ry<\/p><p>\u00a0<\/p><p>Patrick MOUREAUX est \u00c9crivain-M\u00e9decin-Essayiste, Dermatologue, Praticien Lib\u00e9ral \u00e0 Vannes en Bretagne Sud, Membre du cercle des \u00c9crivains M\u00e9decins : le GEM, Membre des \u00c9crivains de Bretagne, a \u00e9t\u00e9 Secr\u00e9taire de la Soci\u00e9t\u00e9 Fran\u00e7aise des Sciences Humaines sur la peau, Expert Peau et Addictions pour Sos-Addictions.org. L\u2019\u00e9criture est une passion qui lui colle \u00e0 la Peau, le comble pour le dermatologue. Son travail combine anthropologie et sociologie afin de proposer un autre regard sur nos comportements sanitaires consum\u00e9ristes, de formuler une autre interpr\u00e9tation sur notre filiation originelle avec le monde vivant pluriel. Cette qu\u00eate in\u00e9dite et atypique rev\u00eat toute sa densit\u00e9 dans le tissage transdisciplinaire de son travail d\u2019\u00e9criture, r\u00e9alis\u00e9 avec une foultitude de disciplines satellites et compl\u00e9mentaires, offrant ainsi une lecture globale, totale, transversale, coll\u00e9giale des diff\u00e9rentes th\u00e9matiques trait\u00e9es. Son travail litt\u00e9raire \u00e9rige des passerelles entre ces disciplines qui se rencontrent peu ou prou, sauf le temps d\u2019une parenth\u00e8se pour construire un ouvrage collectif. Vous y trouverez : astrophysicien, anthropologue, sociologue, directeur de recherche du Mus\u00e9e du Quai Branly Jacques Chirac, docteure en litt\u00e9rature moderne, ing\u00e9nieure \u2013 Sciences Po, Peintres, violoncelliste, \u00e9b\u00e9niste &#8211; sculpteur, sociologue, des<br \/>pr\u00e9faciers de renom, etc.<\/p><p>\u00a0<\/p><p>Il est auteur de :<\/p><ul><li>Le Soleil dans la Peau, \u00c9ditions Robert Laffont, 2012.<\/li><li>Alors Osons ! \u00c9ditions Amalth\u00e9e, 2012.<\/li><li>L\u2019\u00e9tonnant pouvoir du Soleil, \u00c9ditions du Palio, 2016.<\/li><li>SciencesPeau et Pe@ulithique, Donjon \u00c9ditions, 2018.<\/li><li>Le fabuleux destin de la main, Donjon \u00c9ditions, 2019.<\/li><li>Des arbres et des hommes, Donjon \u00c9ditions, 2020.<\/li><li>La peau est une \u0153uvre d\u2019art en soi (e), Donjons \u00c9ditions, 2020. Prix Litt\u00e9raire Suzanne<br \/>Raffl\u00e9 de Chevaniel, 2020.<\/li><li>La M\u00e9decine&#8230; Art ou Science ? \u00c9ditions L\u2019Harmattan, 2022 (sous la direction de<br \/>Dominique Le Nen). Prix litt\u00e9raire \u00c9mile Littr\u00e9 2022.<\/li><li>PUBLICATION de la COLLECTION LITT\u00c9RAIRE : LA PEAU ANALOGIQUE<br \/>( 5 opus )<\/li><\/ul><p>\u00a0<\/p><p><em>1 &#8211; Tissu de Peau, \u00c9ditions Donjon, 2022.<br \/>2 &#8211; Pe@ulithique, \u00c9ditions Donjon, 2022.<br \/>3 &#8211; Peau de Papier, \u00c9ditions Donjon, 2022.<br \/>4 &#8211; Le Go\u00fbt de la Peau, \u00c9ditions Donjon, 2023.<br \/>5 &#8211; Peau de B\u00e9ton, \u00c9ditions Donjon, 2023.<br \/>6 &#8211; Pri\u00e8re de Toucher, Donjon \u00c9ditions 2024.<\/em><\/p>\t\t\t\t\t\t\t\t<\/div>\n\t\t\t\t<\/div>\n\t\t\t\t<div class=\"elementor-element elementor-element-bfb868b elementor-widget elementor-widget-button\" data-id=\"bfb868b\" data-element_type=\"widget\" data-widget_type=\"button.default\">\n\t\t\t\t<div class=\"elementor-widget-container\">\n\t\t\t\t\t\t\t\t\t<div class=\"elementor-button-wrapper\">\n\t\t\t\t\t<a class=\"elementor-button elementor-button-link elementor-size-sm\" href=\"https:\/\/www.sciencespeau.com\/index.php\/acceuil\/contact\/\">\n\t\t\t\t\t\t<span class=\"elementor-button-content-wrapper\">\n\t\t\t\t\t\t\t\t\t<span class=\"elementor-button-text\">Nous Contacter<\/span>\n\t\t\t\t\t<\/span>\n\t\t\t\t\t<\/a>\n\t\t\t\t<\/div>\n\t\t\t\t\t\t\t\t<\/div>\n\t\t\t\t<\/div>\n\t\t\t\t\t<\/div>\n\t\t<\/div>\n\t\t\t\t\t<\/div>\n\t\t<\/section>\n\t\t\t\t<div class=\"elementor-element elementor-element-ad6f422 elementor-widget elementor-widget-spacer\" data-id=\"ad6f422\" data-element_type=\"widget\" data-widget_type=\"spacer.default\">\n\t\t\t\t<div class=\"elementor-widget-container\">\n\t\t\t\t\t\t\t<div class=\"elementor-spacer\">\n\t\t\t<div class=\"elementor-spacer-inner\"><\/div>\n\t\t<\/div>\n\t\t\t\t\t\t<\/div>\n\t\t\t\t<\/div>\n\t\t\t\t\t<\/div>\n\t\t<\/div>\n\t\t\t\t\t<\/div>\n\t\t<\/section>\n\t\t\t\t<\/div>\n\t\t","protected":false},"excerpt":{"rendered":"<p>BIOGRAPHIE \u00abLa peau, est ce qu\u2019il y a de plus profond chez l\u2019Homme\u00bb Paul Val\u00e9ry \u00a0 Patrick MOUREAUX est \u00c9crivain-M\u00e9decin-Essayiste, Dermatologue, Praticien Lib\u00e9ral \u00e0 Vannes en Bretagne Sud, Membre du cercle des \u00c9crivains M\u00e9decins : le GEM, Membre des \u00c9crivains de Bretagne, a \u00e9t\u00e9 Secr\u00e9taire de la Soci\u00e9t\u00e9 Fran\u00e7aise des Sciences Humaines sur la peau,&hellip; <a class=\"more-link\" href=\"https:\/\/www.sciencespeau.com\/index.php\/acceuil\/biographie\/\">Continue reading <span class=\"screen-reader-text\">Biographie<\/span><\/a><\/p>\n","protected":false},"author":1,"featured_media":0,"parent":32,"menu_order":0,"comment_status":"closed","ping_status":"closed","template":"elementor_header_footer","meta":{"footnotes":""},"class_list":["post-448","page","type-page","status-publish","hentry","entry"],"yoast_head":"<!-- This site is optimized with the Yoast SEO plugin v24.1 - https:\/\/yoast.com\/wordpress\/plugins\/seo\/ -->\n<title>Biographie - SciencesPeau<\/title>\n<meta name=\"robots\" content=\"index, follow, max-snippet:-1, max-image-preview:large, max-video-preview:-1\" \/>\n<link rel=\"canonical\" href=\"https:\/\/www.sciencespeau.com\/index.php\/acceuil\/biographie\/\" \/>\n<meta property=\"og:locale\" content=\"en_US\" \/>\n<meta property=\"og:type\" content=\"article\" \/>\n<meta property=\"og:title\" content=\"Biographie - SciencesPeau\" \/>\n<meta property=\"og:description\" content=\"BIOGRAPHIE \u00abLa peau, est ce qu\u2019il y a de plus profond chez l\u2019Homme\u00bb Paul Val\u00e9ry \u00a0 Patrick MOUREAUX est \u00c9crivain-M\u00e9decin-Essayiste, Dermatologue, Praticien Lib\u00e9ral \u00e0 Vannes en Bretagne Sud, Membre du cercle des \u00c9crivains M\u00e9decins : le GEM, Membre des \u00c9crivains de Bretagne, a \u00e9t\u00e9 Secr\u00e9taire de la Soci\u00e9t\u00e9 Fran\u00e7aise des Sciences Humaines sur la peau,&hellip; Continue reading Biographie\" \/>\n<meta property=\"og:url\" content=\"https:\/\/www.sciencespeau.com\/index.php\/acceuil\/biographie\/\" \/>\n<meta property=\"og:site_name\" content=\"SciencesPeau\" \/>\n<meta property=\"article:modified_time\" content=\"2025-03-23T05:36:45+00:00\" \/>\n<meta property=\"og:image\" content=\"http:\/\/www.sciencespeau.com\/wp-content\/uploads\/2022\/02\/dr-moureaux-profil.png\" \/>\n<meta name=\"twitter:card\" content=\"summary_large_image\" \/>\n<meta name=\"twitter:label1\" content=\"Est. reading time\" \/>\n\t<meta name=\"twitter:data1\" content=\"2 minutes\" \/>\n<script type=\"application\/ld+json\" class=\"yoast-schema-graph\">{\"@context\":\"https:\/\/schema.org\",\"@graph\":[{\"@type\":\"WebPage\",\"@id\":\"https:\/\/www.sciencespeau.com\/index.php\/acceuil\/biographie\/\",\"url\":\"https:\/\/www.sciencespeau.com\/index.php\/acceuil\/biographie\/\",\"name\":\"Biographie - SciencesPeau\",\"isPartOf\":{\"@id\":\"https:\/\/www.sciencespeau.com\/#website\"},\"primaryImageOfPage\":{\"@id\":\"https:\/\/www.sciencespeau.com\/index.php\/acceuil\/biographie\/#primaryimage\"},\"image\":{\"@id\":\"https:\/\/www.sciencespeau.com\/index.php\/acceuil\/biographie\/#primaryimage\"},\"thumbnailUrl\":\"http:\/\/www.sciencespeau.com\/wp-content\/uploads\/2022\/02\/dr-moureaux-profil.png\",\"datePublished\":\"2022-02-04T10:51:15+00:00\",\"dateModified\":\"2025-03-23T05:36:45+00:00\",\"breadcrumb\":{\"@id\":\"https:\/\/www.sciencespeau.com\/index.php\/acceuil\/biographie\/#breadcrumb\"},\"inLanguage\":\"en-US\",\"potentialAction\":[{\"@type\":\"ReadAction\",\"target\":[\"https:\/\/www.sciencespeau.com\/index.php\/acceuil\/biographie\/\"]}]},{\"@type\":\"ImageObject\",\"inLanguage\":\"en-US\",\"@id\":\"https:\/\/www.sciencespeau.com\/index.php\/acceuil\/biographie\/#primaryimage\",\"url\":\"https:\/\/www.sciencespeau.com\/wp-content\/uploads\/2022\/02\/dr-moureaux-profil.png\",\"contentUrl\":\"https:\/\/www.sciencespeau.com\/wp-content\/uploads\/2022\/02\/dr-moureaux-profil.png\",\"width\":200,\"height\":200},{\"@type\":\"BreadcrumbList\",\"@id\":\"https:\/\/www.sciencespeau.com\/index.php\/acceuil\/biographie\/#breadcrumb\",\"itemListElement\":[{\"@type\":\"ListItem\",\"position\":1,\"name\":\"Accueil\",\"item\":\"https:\/\/www.sciencespeau.com\/\"},{\"@type\":\"ListItem\",\"position\":2,\"name\":\"Accueil\",\"item\":\"https:\/\/www.sciencespeau.com\/\"},{\"@type\":\"ListItem\",\"position\":3,\"name\":\"Biographie\"}]},{\"@type\":\"WebSite\",\"@id\":\"https:\/\/www.sciencespeau.com\/#website\",\"url\":\"https:\/\/www.sciencespeau.com\/\",\"name\":\"SciencesPeau\",\"description\":\"Ce qu&#039;il y a de plus profond dans l&#039;homme, c&#039;est la peau.\",\"potentialAction\":[{\"@type\":\"SearchAction\",\"target\":{\"@type\":\"EntryPoint\",\"urlTemplate\":\"https:\/\/www.sciencespeau.com\/?s={search_term_string}\"},\"query-input\":{\"@type\":\"PropertyValueSpecification\",\"valueRequired\":true,\"valueName\":\"search_term_string\"}}],\"inLanguage\":\"en-US\"}]}<\/script>\n<!-- \/ Yoast SEO plugin. -->","yoast_head_json":{"title":"Biographie - SciencesPeau","robots":{"index":"index","follow":"follow","max-snippet":"max-snippet:-1","max-image-preview":"max-image-preview:large","max-video-preview":"max-video-preview:-1"},"canonical":"https:\/\/www.sciencespeau.com\/index.php\/acceuil\/biographie\/","og_locale":"en_US","og_type":"article","og_title":"Biographie - SciencesPeau","og_description":"BIOGRAPHIE \u00abLa peau, est ce qu\u2019il y a de plus profond chez l\u2019Homme\u00bb Paul Val\u00e9ry \u00a0 Patrick MOUREAUX est \u00c9crivain-M\u00e9decin-Essayiste, Dermatologue, Praticien Lib\u00e9ral \u00e0 Vannes en Bretagne Sud, Membre du cercle des \u00c9crivains M\u00e9decins : le GEM, Membre des \u00c9crivains de Bretagne, a \u00e9t\u00e9 Secr\u00e9taire de la Soci\u00e9t\u00e9 Fran\u00e7aise des Sciences Humaines sur la peau,&hellip; Continue reading Biographie","og_url":"https:\/\/www.sciencespeau.com\/index.php\/acceuil\/biographie\/","og_site_name":"SciencesPeau","article_modified_time":"2025-03-23T05:36:45+00:00","og_image":[{"url":"http:\/\/www.sciencespeau.com\/wp-content\/uploads\/2022\/02\/dr-moureaux-profil.png","type":"","width":"","height":""}],"twitter_card":"summary_large_image","twitter_misc":{"Est. reading time":"2 minutes"},"schema":{"@context":"https:\/\/schema.org","@graph":[{"@type":"WebPage","@id":"https:\/\/www.sciencespeau.com\/index.php\/acceuil\/biographie\/","url":"https:\/\/www.sciencespeau.com\/index.php\/acceuil\/biographie\/","name":"Biographie - SciencesPeau","isPartOf":{"@id":"https:\/\/www.sciencespeau.com\/#website"},"primaryImageOfPage":{"@id":"https:\/\/www.sciencespeau.com\/index.php\/acceuil\/biographie\/#primaryimage"},"image":{"@id":"https:\/\/www.sciencespeau.com\/index.php\/acceuil\/biographie\/#primaryimage"},"thumbnailUrl":"http:\/\/www.sciencespeau.com\/wp-content\/uploads\/2022\/02\/dr-moureaux-profil.png","datePublished":"2022-02-04T10:51:15+00:00","dateModified":"2025-03-23T05:36:45+00:00","breadcrumb":{"@id":"https:\/\/www.sciencespeau.com\/index.php\/acceuil\/biographie\/#breadcrumb"},"inLanguage":"en-US","potentialAction":[{"@type":"ReadAction","target":["https:\/\/www.sciencespeau.com\/index.php\/acceuil\/biographie\/"]}]},{"@type":"ImageObject","inLanguage":"en-US","@id":"https:\/\/www.sciencespeau.com\/index.php\/acceuil\/biographie\/#primaryimage","url":"https:\/\/www.sciencespeau.com\/wp-content\/uploads\/2022\/02\/dr-moureaux-profil.png","contentUrl":"https:\/\/www.sciencespeau.com\/wp-content\/uploads\/2022\/02\/dr-moureaux-profil.png","width":200,"height":200},{"@type":"BreadcrumbList","@id":"https:\/\/www.sciencespeau.com\/index.php\/acceuil\/biographie\/#breadcrumb","itemListElement":[{"@type":"ListItem","position":1,"name":"Accueil","item":"https:\/\/www.sciencespeau.com\/"},{"@type":"ListItem","position":2,"name":"Accueil","item":"https:\/\/www.sciencespeau.com\/"},{"@type":"ListItem","position":3,"name":"Biographie"}]},{"@type":"WebSite","@id":"https:\/\/www.sciencespeau.com\/#website","url":"https:\/\/www.sciencespeau.com\/","name":"SciencesPeau","description":"Ce qu&#039;il y a de plus profond dans l&#039;homme, c&#039;est la peau.","potentialAction":[{"@type":"SearchAction","target":{"@type":"EntryPoint","urlTemplate":"https:\/\/www.sciencespeau.com\/?s={search_term_string}"},"query-input":{"@type":"PropertyValueSpecification","valueRequired":true,"valueName":"search_term_string"}}],"inLanguage":"en-US"}]}},"_links":{"self":[{"href":"https:\/\/www.sciencespeau.com\/index.php\/wp-json\/wp\/v2\/pages\/448","targetHints":{"allow":["GET"]}}],"collection":[{"href":"https:\/\/www.sciencespeau.com\/index.php\/wp-json\/wp\/v2\/pages"}],"about":[{"href":"https:\/\/www.sciencespeau.com\/index.php\/wp-json\/wp\/v2\/types\/page"}],"author":[{"embeddable":true,"href":"https:\/\/www.sciencespeau.com\/index.php\/wp-json\/wp\/v2\/users\/1"}],"replies":[{"embeddable":true,"href":"https:\/\/www.sciencespeau.com\/index.php\/wp-json\/wp\/v2\/comments?post=448"}],"version-history":[{"count":67,"href":"https:\/\/www.sciencespeau.com\/index.php\/wp-json\/wp\/v2\/pages\/448\/revisions"}],"predecessor-version":[{"id":1843,"href":"https:\/\/www.sciencespeau.com\/index.php\/wp-json\/wp\/v2\/pages\/448\/revisions\/1843"}],"up":[{"embeddable":true,"href":"https:\/\/www.sciencespeau.com\/index.php\/wp-json\/wp\/v2\/pages\/32"}],"wp:attachment":[{"href":"https:\/\/www.sciencespeau.com\/index.php\/wp-json\/wp\/v2\/media?parent=448"}],"curies":[{"name":"wp","href":"https:\/\/api.w.org\/{rel}","templated":true}]}}